et u = -15 - -26. Let g(k) = -k**2 + 14*k + 1. What is the remainder when g(u) is divided by 18?
16
Suppose -35 = x - 6*x. Suppose 5*f - 4*f - 2*j - 10 = 0, -3*j = 3*f - 12. Calculate the remainder when (38/3)/(4/f) is divided by x.
5
Let x(i) = 8*i + 8. What is the remainder when x(8) is divided by 15?
12
Let h be 2/6 - 52/(-6). Let a = h - 9. What is the remainder when 29 is divided by 2 + 15 - (2 - a)?
14
Let h be (-9)/(-2)*8/3. Suppose 0 = 2*w - t + 2*t - 8, 3*w = 3*t + h. Suppose 0 = -w*g - 5*y + 67, -y - 15 = 2*y. What is the remainder when g is divided by 12?
11
What is the remainder when (-28)/14 - (0 - 9) is divided by 5?
2
Let p = 34 + 68. Calculate the remainder when p is divided by 13.
11
Let f(v) = -v. Calculate the remainder when 24 is divided by f(-5).
4
Let v(p) be the second derivative of -p**5/20 - p**4/3 + p**3/3 - 7*p**2/2 - 2*p. What is the remainder when 15 is divided by v(-5)?
7
Let f(u) be the third derivative of 5*u**4/12 - 3*u**3/2 - 3*u**2. What is the remainder when f(7) is divided by 16?
13
Suppose 21 = l + 4*k - 2*k, 2*l - 3*k - 28 = 0. What is the remainder when l is divided by 8?
1
Let r = -1 - -11. Suppose -5*p = -r, 3*p - 19 = -4*x + 3. Suppose -1 = 3*v - x. What is the remainder when 2 is divided by v?
0
Let s(v) = v**2 - 6*v - 3. Let w be s(7). Suppose -13 = -w*m + 59. Calculate the remainder when m is divided by 0/1 + 28/4.
4
Let q(l) = 4*l + 3. Let i = -7 + 11. Calculate the remainder when q(i) is divided by (-69)/(-6) - 6/4.
9
Let k(t) = t**2 - 17*t - 28. Suppose 5*m = -34 + 329. Calculate the remainder when m is divided by k(19).
9
Suppose 2*n - 40 = 30. Let q = n + 9. Suppose -4*f = -3*f - q. Calculate the remainder when f is divided by 15.
14
Let y = -8 + 13. Suppose -29 - y = 3*a - z, 5*a + 34 = -4*z. What is the remainder when (8/a)/(4/(-70)) is divided by 8?
6
Suppose -32 + 5 = -3*b. Suppose -1 - 7 = -2*x. What is the remainder when 32/6*(-1 + x) is divided by b?
7
What is the remainder when 34*(140/(-8))/(-7) is divided by 22?
19
Calculate the remainder when (-3)/(-2) - 5/10*-67 is divided by 19.
16
Let m = 85 + -26. Calculate the remainder when m is divided by 30.
29
Suppose 5 - 20 = -5*m + 5*q, 3*m - 29 = -2*q. Suppose 4 = c - 0*d - 5*d, 3*c + 3*d = 12. Let x = m + c. What is the remainder when 32 is divided by x?
10
Let k be 6/(-33) + (-8)/(-44). Calculate the remainder when 79 - (-2)/8*k is divided by 27.
25
Suppose -2*q = -5*b - 4*q + 102, -b - 4*q = -6. Calculate the remainder when 41 is divided by b.
19
Let d be 1/(2*3/402). Let i = d + -44. Calculate the remainder when 90 is divided by i.
21
Suppose -4*d = d - 135. Suppose 0 = -5*b + 8*b - d. Calculate the remainder when 24 is divided by b.
6
Suppose 5*t - 35 = -0*t - 5*m, 4*t + 17 = 5*m. Suppose -132 = -4*x + 6*q - t*q, 4*x - 137 = 5*q. Calculate the remainder when x is divided by 10.
8
Let c(g) = -3*g + 0*g + 9 + 4 + 0. What is the remainder when c(-7) is divided by 18?
16
What is the remainder when 54 is divided by 28/(-5)*(-3 - 5/(-10))?
12
Calculate the remainder when (-24)/108 + (-1712)/(-9) is divided by 24.
22
What is the remainder when 189/11 + 18/(-99) is divided by 5?
2
Let c(q) be the first derivative of q**4/4 + 2*q**3 - 3*q**2/2 - 9*q - 5. What is the remainder when c(-5) is divided by 8?
7
Let b(r) = -r**2 - 6*r + 9. Let c be b(-7). What is the remainder when 84 is divided by 1*((25 - -2) + c)?
26
Let r(y) = -13*y. Let i be r(1). Let b = i + 17. What is the remainder when 8 is divided by b?
0
Suppose 2*c = 3 + 1. What is the remainder when 29 is divided by (45/(-6))/((-1)/c)?
14
Let r = 34 - 17. Let u(k) = -2*k + 3. What is the remainder when r is divided by u(-3)?
8
Let h = -229 + 387. What is the remainder when h is divided by 41?
35
Let i be (-3 - -49)*1/(-2). Let b = i - -37. Calculate the remainder when 27 is divided by b.
13
Calculate the remainder when (-274)/(-10) - 24/60 is divided by 10.
7
Let p = -14 + 23. Calculate the remainder when 34 is divided by p.
7
Let t(d) be the third derivative of -d**5/60 + d**4/24 + 13*d**3/3 - d**2. Calculate the remainder when 75 is divided by t(0).
23
Let s be (-4 + -16)/((-1)/12). Suppose l = 6*l - s. Let j = 54 + -29. Calculate the remainder when l is divided by j.
23
Let s be (-5)/3 + (-1)/3. Let a = 5 + s. Suppose -8 = -h + a*r, -3*r + 8 = h - 4*r. What is the remainder when h is divided by 5?
3
Let f = 31 + -18. Suppose 0 = 23*q - 2148 + 722. Calculate the remainder when q is divided by f.
10
Suppose 0 = -0*b + b - 9. Calculate the remainder when 6/(-2 + (-19)/(-8)) is divided by b.
7
Let a = -9 + 14. Suppose 47 = 4*y + a*i, -2*y + 2*i + 56 = -2*i. Calculate the remainder when 33 is divided by y.
15
Suppose 0 = 3*s - 4*s + 47. What is the remainder when s is divided by 12?
11
Let r(j) = -12*j - 2. Let q be r(-7). Suppose -k + q = -63. Suppose 4*d - k = -d. What is the remainder when d is divided by 8?
5
Let l = 7 - -7. Let i = l + -9. Calculate the remainder when (-40)/(-3) + 1/(-3) is divided by i.
3
Suppose -11*p - 47 = -124. Calculate the remainder when 27 is divided by p.
6
Let n = 0 + 5. Suppose 0 = 3*k - 3*o - 39, 2*o + 47 = 3*k + n. Calculate the remainder when 31 is divided by k.
15
Let s(l) = l**2 - 14*l - 7. What is the remainder when 21 is divided by s(15)?
5
Suppose 39 = 4*f - 3*f. What is the remainder when 76 is divided by f?
37
Let i = -4 + 6. What is the remainder when i is divided by 2?
0
Let y = 15 - 1. What is the remainder when -2*(-2)/(-4)*-26 is divided by y?
12
Suppose 9*b = 2*b + 161. Calculate the remainder when 67 is divided by b.
21
Suppose 4*u + 75 = 7*u. Suppose u = -5*o + 95. Calculate the remainder when o is divided by 5.
4
Let v(t) = t**3 + 2*t**2 + 4*t + 3. Let f be v(-3). Let n = f + -2. Calculate the remainder when 31 is divided by (6 - 1)*(-64)/n.
15
Let x(z) = 2*z**2 - 5*z. Calculate the remainder when 32 - -1*(4 + -1) is divided by x(4).
11
Suppose -m - 4*l = m - 166, -3*m - 2*l + 249 = 0. Calculate the remainder when m is divided by 21.
20
Suppose 4*s - c + 26 = c, -2*s - 31 = 5*c. Let k(d) = -d**2 - 13*d - 9. Calculate the remainder when k(s) is divided by 17.
14
Let x(d) = d**2 + 5*d - 5. Calculate the remainder when x(4) is divided by -1 - -2 - ((-5 - -2) + -12).
15
Let x(w) = -w - 5 + 7 + 11. Calculate the remainder when x(-9) is divided by 12.
10
Suppose 4*g + 1 = 3*b - 28, -5*b = 3*g. Suppose -5*m = -w + 1, b = -5*w - 5*m + 38. Calculate the remainder when w is divided by 2.
0
Let q = -15 - -16. What is the remainder when 3 is divided by q?
0
Let w(f) = -12*f**3 - 4*f**2 - f + 1. Calculate the remainder when 46 is divided by w(-1).
6
Suppose -x = -3 - 4. Let t = x - 1. What is the remainder when 17 is divided by t?
5
Let z be ((-25)/(-4))/((-2)/8). Let s(o) = -21*o. Calculate the remainder when s(-1) is divided by (4 - -1)*(-30)/z.
3
Let p = 5 - 9. What is the remainder when 6 is divided by (p + 2)/((-2)/4)?
2
Calculate the remainder when 32 is divided by (-1)/2*3*-6.
5
Calculate the remainder when 4/28 - 188/(-7) is divided by 14.
13
Let p(a) = -a**3 + 9*a**2 - 5*a. Let j be p(8). Let z = j + -11. What is the remainder when 24 is divided by z?
11
Let i = -8 + 12. Suppose i*c - 151 = -3*b, c = 4*b + 5*c - 196. What is the remainder when b is divided by 12?
9
Let h = -5 - -17. Let z = -1 + 2. What is the remainder when ((-6)/15)/(z/(-85)) is divided by h?
10
Suppose w = 4*w - 15, -5*w + 19 = -3*j. Calculate the remainder when j is divided by 2/(-10) + (-11)/(-5).
0
Let a = 37 + -21. Suppose 12 = 2*t - 48. Calculate the remainder when t is divided by a.
14
Suppose 0 - 8 = -2*r. Suppose -4 + 268 = 5*g - 3*z, 12 = -r*z. Suppose -5*s = 4*p - 72, -2*p - s + 2*s + 22 = 0. Calculate the remainder when g is divided by p.
12
Let b = 10 + 0. What is the remainder when b is divided by (12/10)/(6/20)?
2
What is the remainder when (564/(-15))/(-2 - (-8)/5) is divided by 48?
46
Let g = 5 - 2. What is the remainder when 10 is divided by g?
1
Suppose 3*j = 4*j - 11. What is the remainder when (-12)/18 + 250/6 is divided by j?
8
Let b = 237 - 105. What is the remainder when b is divided by 19?
18
Let r = -154 - -251. What is the remainder when r is divided by 33?
31
Suppose -4*l + 4*w - 4 = 0, -4*l - l + 16 = 2*w. Suppose l*f = -3*f + 885. What i